on factor of 61 and 335561?
61
What is the greatest common factor of 153153 and 238?
119
What is the highest common factor of 1150 and 37075?
25
What is the greatest common factor of 44 and 100908?
4
Calculate the greatest common factor of 8127 and 4563.
27
Calculate the highest common divisor of 14 and 251846.
14
What is the greatest common divisor of 24333 and 3?
3
Calculate the highest common factor of 452990 and 70.
10
What is the greatest common divisor of 155892 and 9504?
132
What is the highest common divisor of 252 and 1566?
18
Calculate the highest common factor of 3392 and 101336.
424
Calculate the greatest common divisor of 144 and 749680.
16
Calculate the greatest common factor of 3085 and 60.
5
Calculate the highest common divisor of 703 and 108053.
19
Calculate the greatest common divisor of 114 and 552.
6
What is the highest common factor of 4344 and 19224?
24
Calculate the greatest common divisor of 36 and 11267442.
18
Calculate the greatest common divisor of 79496 and 209.
19
Calculate the greatest common divisor of 696227 and 79.
79
What is the highest common divisor of 5446 and 2842?
14
What is the greatest common factor of 9217 and 247?
13
What is the highest common factor of 567 and 1390851?
567
What is the greatest common factor of 724352 and 32?
32
What is the greatest common factor of 1977 and 24?
3
Calculate the highest common factor of 2301 and 7527.
39
Calculate the highest common factor of 2369 and 37183.
103
What is the highest common factor of 924 and 1122?
66
Calculate the greatest common factor of 52 and 2276.
4
What is the highest common factor of 140 and 46130?
70
Calculate the greatest common divisor of 498 and 798792.
498
What is the highest common divisor of 142 and 12709?
71
What is the greatest common divisor of 64334 and 38?
38
What is the highest common divisor of 1938510 and 105?
105
What is the greatest common divisor of 1506586 and 3868?
1934
What is the greatest common factor of 1000 and 2740000?
1000
Calculate the greatest common factor of 4505784 and 3546.
1182
Calculate the highest common factor of 41689 and 1222.
47
Calculate the greatest common factor of 60 and 708.
12
Calculate the highest common divisor of 44 and 7074.
2
Calculate the highest common factor of 266332 and 220.
44
Calculate the greatest common divisor of 1239462 and 1008.
126
Calculate the highest common divisor of 329 and 54802.
47
What is the greatest common divisor of 6255 and 90?
45
What is the highest common divisor of 1737456 and 1344?
336
Calculate the greatest common divisor of 525370 and 1605.
535
Calculate the greatest common factor of 345 and 1185.
15
Calculate the greatest common factor of 24450 and 6990.
30
What is the highest common factor of 3 and 457?
1
Calculate the highest common factor of 274987 and 2993.
41
Calculate the greatest common divisor of 262327 and 9503.
221
Calculate the greatest common divisor of 39 and 6357.
39
Calculate the highest common factor of 11004 and 70308.
84
What is the highest common divisor of 99120 and 15?
15
What is the greatest common factor of 33 and 434786?
11
Calculate the greatest common divisor of 26168 and 136.
8
What is the greatest common factor of 110 and 30850?
10
Calculate the greatest common divisor of 103705 and 595.
35
Calculate the highest common divisor of 16863 and 1460949.
1533
Calculate the greatest common factor of 50 and 226900.
50
What is the highest common factor of 7686 and 3654?
126
Calculate the greatest common divisor of 26222 and 14.
14
What is the highest common factor of 64 and 24416?
32
What is the highest common factor of 216310 and 194?
194
What is the highest common divisor of 49 and 25767?
7
What is the greatest common factor of 286 and 2672813?
143
What is the greatest common factor of 16 and 97600?
16
What is the highest common divisor of 48 and 63696?
48
What is the highest common factor of 22374 and 14454?
198
Calculate the greatest common divisor of 5607 and 2142.
63
What is the highest common divisor of 1050 and 960?
30
Calculate the highest common divisor of 711 and 195525.
711
Calculate the greatest common factor of 723212 and 5474.
322
What is the greatest common divisor of 143 and 27703?
13
Calculate the highest common factor of 1937 and 6407.
149
Calculate the highest common divisor of 56185 and 85.
85
Calculate the greatest common factor of 39 and 22594.
13
What is the greatest common divisor of 1960 and 55125?
245
What is the highest common factor of 164 and 3402262?
82
What is the greatest common divisor of 1111 and 202?
101
Calculate the highest common divisor of 365742 and 52.
26
What is the highest common divisor of 5020 and 260?
20
What is the greatest common factor of 1195484 and 1860?
124
What is the highest common divisor of 1013727 and 78?
39
Calculate the highest common factor of 97552 and 52.
52
What is the highest common divisor of 1741230 and 20?
10
Calculate the greatest common factor of 24221 and 689.
53
What is the greatest common factor of 3430263 and 202?
101
Calculate the greatest common divisor of 341822 and 468.
26
Calculate the highest common factor of 48 and 1120272.
48
What is the greatest common divisor of 37371 and 12?
3
Calculate the greatest common divisor of 22195 and 805.
115
What is the greatest common factor of 351 and 24375?
39
What is the greatest common factor of 2118 and 12?
6
Calculate the highest common factor of 297252 and 3036.
276
What is the highest common divisor of 12642 and 2451?
129
What is the highest common divisor of 9 and 93783?
3
What is the highest common factor of 72517 and 254?
127
Calculate the greatest common factor of 128 and 121936.
16
Calculate the highest common factor of 57341 and 34.
17
Calculate the greatest common divisor of 107429 and 343.
7
What is the highest common divisor of 3189 and 336971?
1063
What is the highest common factor of 316404 and 36?
36
Calculate the highest common factor of 7761 and 57909.
597
What is the greatest common divisor of 1679 and 8687?
73
What is the highest common factor of 702 and 73476?
234
Calculate the greatest common divisor of 1679675 and 25.
25
What is the highest common factor of 131173 and 49?
49
Calculate the greatest common factor of 3136 and 44296.
392
Calculate the highest common factor of 38246 and 5408.
26
What is the greatest common divisor of 56 and 242312?
56
Calculate the greatest common divisor of 17870 and 2370.
10
What is the highest common factor of 53 and 91319?
53
What is the highest common factor of 2032 and 2252472?
1016
Calculate the highest common divisor of 2692 and 332.
4
Calculate the highest common factor of 58 and 787234.
58
Calculate the greatest common factor of 2499 and 5253.
51
What is the highest common divisor of 5054 and 707?
7
Calculate the greatest common factor of 760 and 1665.
5
Calculate the greatest common factor of 1000 and 2893375.
125
What is the greatest common divisor of 728 and 11480?
56
What is the greatest common divisor of 5862 and 456?
6
What is the greatest common factor of 34268 and 4?
4
Calculate the greatest common divisor of 54871 and 37.
37
Calculate the highest common factor of 12644 and 13514.
58
Calculate the greatest common divisor of 5072 and 64.
16
Calculate the highest common divisor of 67123 and 5633.
43
Calculate the highest common divisor of 672 and 51639.
21
What is the greatest common factor of 2765 and 31205?
395
Calculate the highest common factor of 570 and 34485.
285
What is the highest common divisor of 1584 and 4950?
198
Calculate the highest common factor of 54 and 2771046.
18
What is the greatest common factor of 853 and 5837079?
853
Calculate the greatest common factor of 26160 and 285.
15
What is the greatest common factor of 358117 and 314?
157
What is the greatest common factor of 369576 and 27?
27
Calculate the highest common divisor of 168 and 107457.
21
What is the greatest common divisor of 300742 and 269?
269
Calculate the highest common divisor of 38 and 1670822.
38
What is the highest common divisor of 38388 and 72?
12
Calculate the greatest common factor of 56 and 9368.
8
What is the highest common divisor of 29504 and 16256?
64
What is the greatest common divisor of 205 and 11521?
41
What is the highest common divisor of 440 and 16148?
44
W